{"id":1628,"date":"2025-06-23T15:56:16","date_gmt":"2025-06-23T13:56:16","guid":{"rendered":"https:\/\/staging.univ-unita.eu\/wp-content\/uploads\/2025\/06\/Ana-Paula-Duarte.jpg"},"modified":"2025-06-23T15:56:27","modified_gmt":"2025-06-23T13:56:27","slug":"ana-paula-duarte","status":"inherit","type":"attachment","link":"https:\/\/univ-unita.eu\/it\/ana-paula-duarte-elected-rector-of-ubi\/ana-paula-duarte\/","title":{"rendered":"Ana Paula Duarte"},"author":4,"featured_media":0,"comment_status":"closed","ping_status":"closed","template":"","meta":[],"class_list":["post-1628","attachment","type-attachment","status-inherit","hentry"],"yoast_head":"<!-- This site is optimized with the Yoast SEO plugin v27.3 - https:\/\/yoast.com\/product\/yoast-seo-wordpress\/ -->\n<title>Ana Paula Duarte - UNITA<\/title>\n<meta name=\"robots\" content=\"index, follow, max-snippet:-1, max-image-preview:large, max-video-preview:-1\" \/>\n<link rel=\"canonical\" href=\"https:\/\/univ-unita.eu\/wp-content\/uploads\/2025\/06\/Ana-Paula-Duarte.jpg\" \/>\n<meta property=\"og:locale\" content=\"it_IT\" \/>\n<meta property=\"og:type\" content=\"article\" \/>\n<meta property=\"og:title\" content=\"Ana Paula Duarte - UNITA\" \/>\n<meta property=\"og:url\" content=\"https:\/\/univ-unita.eu\/wp-content\/uploads\/2025\/06\/Ana-Paula-Duarte.jpg\" \/>\n<meta property=\"og:site_name\" content=\"UNITA\" \/>\n<meta property=\"article:modified_time\" content=\"2025-06-23T13:56:27+00:00\" \/>\n<meta property=\"og:image\" content=\"https:\/\/univ-unita.eu\/wp-content\/uploads\/2025\/06\/Ana-Paula-Duarte.jpg\" \/>\n\t<meta property=\"og:image:width\" content=\"800\" \/>\n\t<meta property=\"og:image:height\" content=\"440\" \/>\n\t<meta property=\"og:image:type\" content=\"image\/jpeg\" \/>\n<meta name=\"twitter:card\" content=\"summary_large_image\" \/>\n<script type=\"application\/ld+json\" class=\"yoast-schema-graph\">{\"@context\":\"https:\\\/\\\/schema.org\",\"@graph\":[{\"@type\":\"WebPage\",\"@id\":\"https:\\\/\\\/univ-unita.eu\\\/wp-content\\\/uploads\\\/2025\\\/06\\\/Ana-Paula-Duarte.jpg\",\"url\":\"https:\\\/\\\/univ-unita.eu\\\/wp-content\\\/uploads\\\/2025\\\/06\\\/Ana-Paula-Duarte.jpg\",\"name\":\"Ana Paula Duarte - UNITA\",\"isPartOf\":{\"@id\":\"https:\\\/\\\/univ-unita.eu\\\/#website\"},\"datePublished\":\"2025-06-23T13:56:16+00:00\",\"dateModified\":\"2025-06-23T13:56:27+00:00\",\"breadcrumb\":{\"@id\":\"https:\\\/\\\/univ-unita.eu\\\/wp-content\\\/uploads\\\/2025\\\/06\\\/Ana-Paula-Duarte.jpg#breadcrumb\"},\"inLanguage\":\"it-IT\",\"potentialAction\":[{\"@type\":\"ReadAction\",\"target\":[\"https:\\\/\\\/univ-unita.eu\\\/wp-content\\\/uploads\\\/2025\\\/06\\\/Ana-Paula-Duarte.jpg\"]}]},{\"@type\":\"BreadcrumbList\",\"@id\":\"https:\\\/\\\/univ-unita.eu\\\/wp-content\\\/uploads\\\/2025\\\/06\\\/Ana-Paula-Duarte.jpg#breadcrumb\",\"itemListElement\":[{\"@type\":\"ListItem\",\"position\":1,\"name\":\"Home\",\"item\":\"https:\\\/\\\/univ-unita.eu\\\/\"},{\"@type\":\"ListItem\",\"position\":2,\"name\":\"Ana Paula Duarte elected Rector of UBI\",\"item\":\"https:\\\/\\\/univ-unita.eu\\\/ana-paula-duarte-elected-rector-of-ubi\\\/\"},{\"@type\":\"ListItem\",\"position\":3,\"name\":\"Ana Paula Duarte\"}]},{\"@type\":\"WebSite\",\"@id\":\"https:\\\/\\\/univ-unita.eu\\\/#website\",\"url\":\"https:\\\/\\\/univ-unita.eu\\\/\",\"name\":\"UNITA Universitas Montium\",\"description\":\"Universitas Montium\",\"publisher\":{\"@id\":\"https:\\\/\\\/univ-unita.eu\\\/#organization\"},\"potentialAction\":[{\"@type\":\"SearchAction\",\"target\":{\"@type\":\"EntryPoint\",\"urlTemplate\":\"https:\\\/\\\/univ-unita.eu\\\/?s={search_term_string}\"},\"query-input\":{\"@type\":\"PropertyValueSpecification\",\"valueRequired\":true,\"valueName\":\"search_term_string\"}}],\"inLanguage\":\"it-IT\"},{\"@type\":\"Organization\",\"@id\":\"https:\\\/\\\/univ-unita.eu\\\/#organization\",\"name\":\"UNITA Universitas Montium\",\"url\":\"https:\\\/\\\/univ-unita.eu\\\/\",\"logo\":{\"@type\":\"ImageObject\",\"inLanguage\":\"it-IT\",\"@id\":\"https:\\\/\\\/univ-unita.eu\\\/#\\\/schema\\\/logo\\\/image\\\/\",\"url\":\"https:\\\/\\\/univ-unita.eu\\\/wp-content\\\/uploads\\\/2025\\\/05\\\/logo-unita.png\",\"contentUrl\":\"https:\\\/\\\/univ-unita.eu\\\/wp-content\\\/uploads\\\/2025\\\/05\\\/logo-unita.png\",\"width\":366,\"height\":304,\"caption\":\"UNITA Universitas Montium\"},\"image\":{\"@id\":\"https:\\\/\\\/univ-unita.eu\\\/#\\\/schema\\\/logo\\\/image\\\/\"}}]}<\/script>\n<!-- \/ Yoast SEO plugin. -->","yoast_head_json":{"title":"Ana Paula Duarte - UNITA","robots":{"index":"index","follow":"follow","max-snippet":"max-snippet:-1","max-image-preview":"max-image-preview:large","max-video-preview":"max-video-preview:-1"},"canonical":"https:\/\/univ-unita.eu\/wp-content\/uploads\/2025\/06\/Ana-Paula-Duarte.jpg","og_locale":"it_IT","og_type":"article","og_title":"Ana Paula Duarte - UNITA","og_url":"https:\/\/univ-unita.eu\/wp-content\/uploads\/2025\/06\/Ana-Paula-Duarte.jpg","og_site_name":"UNITA","article_modified_time":"2025-06-23T13:56:27+00:00","og_image":[{"width":800,"height":440,"url":"https:\/\/univ-unita.eu\/wp-content\/uploads\/2025\/06\/Ana-Paula-Duarte.jpg","type":"image\/jpeg"}],"twitter_card":"summary_large_image","schema":{"@context":"https:\/\/schema.org","@graph":[{"@type":"WebPage","@id":"https:\/\/univ-unita.eu\/wp-content\/uploads\/2025\/06\/Ana-Paula-Duarte.jpg","url":"https:\/\/univ-unita.eu\/wp-content\/uploads\/2025\/06\/Ana-Paula-Duarte.jpg","name":"Ana Paula Duarte - UNITA","isPartOf":{"@id":"https:\/\/univ-unita.eu\/#website"},"datePublished":"2025-06-23T13:56:16+00:00","dateModified":"2025-06-23T13:56:27+00:00","breadcrumb":{"@id":"https:\/\/univ-unita.eu\/wp-content\/uploads\/2025\/06\/Ana-Paula-Duarte.jpg#breadcrumb"},"inLanguage":"it-IT","potentialAction":[{"@type":"ReadAction","target":["https:\/\/univ-unita.eu\/wp-content\/uploads\/2025\/06\/Ana-Paula-Duarte.jpg"]}]},{"@type":"BreadcrumbList","@id":"https:\/\/univ-unita.eu\/wp-content\/uploads\/2025\/06\/Ana-Paula-Duarte.jpg#breadcrumb","itemListElement":[{"@type":"ListItem","position":1,"name":"Home","item":"https:\/\/univ-unita.eu\/"},{"@type":"ListItem","position":2,"name":"Ana Paula Duarte elected Rector of UBI","item":"https:\/\/univ-unita.eu\/ana-paula-duarte-elected-rector-of-ubi\/"},{"@type":"ListItem","position":3,"name":"Ana Paula Duarte"}]},{"@type":"WebSite","@id":"https:\/\/univ-unita.eu\/#website","url":"https:\/\/univ-unita.eu\/","name":"UNITA Universitas Montium","description":"Universitas Montium","publisher":{"@id":"https:\/\/univ-unita.eu\/#organization"},"potentialAction":[{"@type":"SearchAction","target":{"@type":"EntryPoint","urlTemplate":"https:\/\/univ-unita.eu\/?s={search_term_string}"},"query-input":{"@type":"PropertyValueSpecification","valueRequired":true,"valueName":"search_term_string"}}],"inLanguage":"it-IT"},{"@type":"Organization","@id":"https:\/\/univ-unita.eu\/#organization","name":"UNITA Universitas Montium","url":"https:\/\/univ-unita.eu\/","logo":{"@type":"ImageObject","inLanguage":"it-IT","@id":"https:\/\/univ-unita.eu\/#\/schema\/logo\/image\/","url":"https:\/\/univ-unita.eu\/wp-content\/uploads\/2025\/05\/logo-unita.png","contentUrl":"https:\/\/univ-unita.eu\/wp-content\/uploads\/2025\/05\/logo-unita.png","width":366,"height":304,"caption":"UNITA Universitas Montium"},"image":{"@id":"https:\/\/univ-unita.eu\/#\/schema\/logo\/image\/"}}]}},"description":{"rendered":"<p class=\"attachment\"><a href='https:\/\/univ-unita.eu\/wp-content\/uploads\/2025\/06\/Ana-Paula-Duarte.jpg'><img decoding=\"async\" width=\"300\" height=\"165\" src=\"https:\/\/univ-unita.eu\/wp-content\/uploads\/2025\/06\/Ana-Paula-Duarte-300x165.jpg\" class=\"attachment-medium size-medium\" alt=\"Ana Paula Duarte\" srcset=\"https:\/\/univ-unita.eu\/wp-content\/uploads\/2025\/06\/Ana-Paula-Duarte-300x165.jpg 300w, https:\/\/univ-unita.eu\/wp-content\/uploads\/2025\/06\/Ana-Paula-Duarte-768x422.jpg 768w, https:\/\/univ-unita.eu\/wp-content\/uploads\/2025\/06\/Ana-Paula-Duarte-18x10.jpg 18w, https:\/\/univ-unita.eu\/wp-content\/uploads\/2025\/06\/Ana-Paula-Duarte.jpg 800w\" sizes=\"(max-width: 300px) 100vw, 300px\" \/><\/a><\/p>\n"},"caption":{"rendered":""},"alt_text":"Ana Paula Duarte","media_type":"image","mime_type":"image\/jpeg","media_details":{"width":800,"height":440,"file":"2025\/06\/Ana-Paula-Duarte.jpg","filesize":248298,"sizes":{"medium":{"file":"Ana-Paula-Duarte-300x165.jpg","width":300,"height":165,"filesize":21681,"mime_type":"image\/jpeg","source_url":"https:\/\/univ-unita.eu\/wp-content\/uploads\/2025\/06\/Ana-Paula-Duarte-300x165.jpg"},"thumbnail":{"file":"Ana-Paula-Duarte-150x150.jpg","width":150,"height":150,"filesize":17777,"mime_type":"image\/jpeg","source_url":"https:\/\/univ-unita.eu\/wp-content\/uploads\/2025\/06\/Ana-Paula-Duarte-150x150.jpg"},"medium_large":{"file":"Ana-Paula-Duarte-768x422.jpg","width":768,"height":422,"filesize":58846,"mime_type":"image\/jpeg","source_url":"https:\/\/univ-unita.eu\/wp-content\/uploads\/2025\/06\/Ana-Paula-Duarte-768x422.jpg"},"trp-custom-language-flag":{"file":"Ana-Paula-Duarte-18x10.jpg","width":18,"height":10,"filesize":13497,"mime_type":"image\/jpeg","source_url":"https:\/\/univ-unita.eu\/wp-content\/uploads\/2025\/06\/Ana-Paula-Duarte-18x10.jpg"},"qi_addons_for_elementor_image_size_square":{"file":"Ana-Paula-Duarte-650x440.jpg","width":650,"height":440,"filesize":62696,"mime_type":"image\/jpeg","source_url":"https:\/\/univ-unita.eu\/wp-content\/uploads\/2025\/06\/Ana-Paula-Duarte-650x440.jpg"},"qi_addons_for_elementor_image_size_portrait":{"file":"Ana-Paula-Duarte-650x440.jpg","width":650,"height":440,"filesize":62696,"mime_type":"image\/jpeg","source_url":"https:\/\/univ-unita.eu\/wp-content\/uploads\/2025\/06\/Ana-Paula-Duarte-650x440.jpg"},"full":{"file":"Ana-Paula-Duarte.jpg","width":800,"height":440,"mime_type":"image\/jpeg","source_url":"https:\/\/univ-unita.eu\/wp-content\/uploads\/2025\/06\/Ana-Paula-Duarte.jpg"}},"image_meta":{"aperture":"5.6","credit":"JOAO PEDRO SILVA","camera":"NIKON D700","caption":"","created_timestamp":"1493892208","copyright":"2017 Joao Pedro Silva","focal_length":"120","iso":"100","shutter_speed":"0.005","title":"","orientation":"1","keywords":["Retrato Profissional","Universidade da Beira Interior","Retrato Corporativo","Website","Docentes","Covilh\u00e3","Portugal","Fundo Neutro","UBI","Professores","Institui\u00e7\u00e3o","Ensino","Rosto","Imagem Corporativa","Ana Paula Duarte"]}},"post":1627,"source_url":"https:\/\/univ-unita.eu\/wp-content\/uploads\/2025\/06\/Ana-Paula-Duarte.jpg","_links":{"self":[{"href":"https:\/\/univ-unita.eu\/it\/wp-json\/wp\/v2\/media\/1628","targetHints":{"allow":["GET"]}}],"collection":[{"href":"https:\/\/univ-unita.eu\/it\/wp-json\/wp\/v2\/media"}],"about":[{"href":"https:\/\/univ-unita.eu\/it\/wp-json\/wp\/v2\/types\/attachment"}],"author":[{"embeddable":true,"href":"https:\/\/univ-unita.eu\/it\/wp-json\/wp\/v2\/users\/4"}],"wp:attached-to":[{"embeddable":true,"post_type":"post","id":1627,"href":"https:\/\/univ-unita.eu\/it\/wp-json\/wp\/v2\/posts\/1627"}],"curies":[{"name":"wp","href":"https:\/\/api.w.org\/{rel}","templated":true}]}}

Covilhã

Instituição
